 (-2)/(-4). Let h(y) = -15*y - 15 + 20 - y**2 - 13. Let c be h(-14). Calculate the highest common divisor of c and d.
6
Let u(s) = 17*s**2 - 2*s + 1. Let p be u(1). Calculate the highest common factor of p and 40.
8
Let o(y) = y**3 + 9*y**2 - 10*y - 3. Let n be o(-5). Calculate the highest common divisor of 42 and n.
21
Let q(u) = u**2 + 2*u - 4. Suppose 4*l = -l - 20. Let a be q(l). Suppose -3*g + 62 = a*t, -8 = -g + 3*t + 2*t. What is the highest common divisor of 90 and g?
18
Let p be (-67)/(-5) + 4/(-10). Let d(j) = 29*j**2 + 1. Let c be d(2). Calculate the highest common divisor of c and p.
13
Suppose 8*q = 7*q + 5. Suppose q*u = -35 + 85. Calculate the highest common divisor of u and 80.
10
Let y be (2/(-4))/((-1)/10). Suppose 7 = 2*r - y. Suppose -11*m = -183 + 51. Calculate the highest common divisor of m and r.
6
Let z(w) = -10*w**3 + 4*w**2 + 3*w. Let t be z(-2). Suppose -5*s + 47 = -2*p, -p = -3 + 4. What is the highest common divisor of t and s?
9
Let f = 1 + 1. Suppose -3*v - f + 14 = 0. Suppose -5*z = -3*q + 15, z = -v*q - 3*z + 20. Calculate the highest common divisor of 10 and q.
5
Let o(c) = c**2 + 100. Let j be o(0). What is the highest common divisor of 40 and j?
20
Let v = -59 - -91. Calculate the highest common divisor of v and 352.
32
Let k be 67 + (12 + 0)/4. Let b be 3/9 - 2/6. Suppose b*t - t + 14 = 0. What is the highest common divisor of k and t?
14
Let c = 100 + -197. Let u = 147 + c. Suppose 2*q - 2*n - 38 = u, 0 = q + n - 40. Calculate the greatest common factor of 63 and q.
21
Let q = 97 + -91. Calculate the highest common factor of 4 and q.
2
Suppose 0 + 3 = k. Let u be (-2 + 3)/(-1) - -1. Suppose z - 2 - 4 = u. What is the greatest common factor of k and z?
3
Let t be ((11/33)/(-1))/(2/(-1794)). Calculate the highest common factor of 13 and t.
13
Let n = -43 - -98. Calculate the greatest common factor of 22 and n.
11
Suppose -3*z + 4*m = -0*m + 56, -3*m - 45 = 5*z. Let s = z + 27. Let q = s + 73. What is the greatest common divisor of q and 8?
8
Suppose 184 = 4*x - 4*t, -94 = 3*x - 5*x + 4*t. Calculate the greatest common factor of x and 27.
9
Let k(z) = -5*z**3 + 9*z**2 - z - 5. Let c(v) = v**3 - v**2 + v. Let d(x) = 4*c(x) + k(x). Let h be d(5). What is the highest common divisor of h and 5?
5
Let d be (-185)/(-20) - 6/(-8). Suppose -g + 0*g + 14 = -2*u, -2*g = -u - 37. Calculate the greatest common factor of d and g.
10
Let k be 1385 + 2 + -1 + -2. Suppose 2*b = -2*b + k. Let y be 3 + b/(-2)*-1. Calculate the highest common divisor of 16 and y.
16
Suppose -5*l + 155 = 4*w, l + w = 6*w + 2. Calculate the highest common factor of 27 and l.
27
Suppose 0 = -3*g + g. Suppose g = f + 1 + 1. Let k = 3 - f. What is the greatest common factor of 15 and k?
5
Let t(q) = q**2 + 0*q**2 + 3*q**2 - 3*q - q**3. Let o be t(2). Suppose -2 - 4 = -o*z. What is the greatest common factor of 21 and z?
3
Let d be (0 - 110/4)*-2. Let z be ((0/(-2))/1)/1. Suppose -o + 2*o - 22 = z. Calculate the greatest common factor of d and o.
11
Suppose 2*n = 93 - 17. Let u be ((-2)/4 - 0)*0. Let h be u/2 + n + -2. Calculate the greatest common factor of h and 9.
9
Let a(i) = 12*i**2 - 4*i + 4. Let x be a(1). Let r(t) = t**2 - 3*t + 6. Let q be r(6). Calculate the highest common factor of q and x.
12
Let g = -326 + 488. Calculate the greatest common divisor of g and 18.
18
Let i = -5 + 7. Let u be (6/(-18))/(i/30). Let h be (u/3 + 0)*-15. Calculate the highest common divisor of 25 and h.
25
Let s(j) = j**2 + 7*j + 9. Suppose 19 = -4*p - 5. Let l be s(p). Calculate the greatest common factor of l and 12.
3
Let q = -267 - -609. What is the highest common divisor of 18 and q?
18
Let s = 3 - -3. Let x be 9/(-63)*6*-7. What is the greatest common divisor of x and s?
6
Let y(v) = v. Let m(q) = 24*q - 3. Let x(r) = -m(r) + 15*y(r). Let u be x(-5). Suppose -34 + 46 = z. What is the greatest common factor of z and u?
12
Let m(b) = -b + 7. Let y be m(4). Suppose 486 - 156 = y*j. Calculate the highest common divisor of 10 and j.
10
Let w be 1 - (-3)/((-3)/(-2)). Suppose 31 = d + w. Calculate the highest common divisor of 4 and d.
4
Let a = -5 - -9. Suppose -7 = -a*c + 29. Let i(b) = 5*b - 21. Let x be i(6). Calculate the highest common factor of c and x.
9
Suppose 2*n + n - 45 = 3*f, n - 5*f = 31. Let k = 15 - n. Let x(u) = 29*u**2 - 1. Let q be x(1). What is the highest common factor of q and k?
4
Let h(s) = s - 3. Suppose 0 = -d + 4*q - 3, -4*d - q = -13 - 26. Let a be h(d). Let x = 18 - a. Calculate the highest common divisor of x and 4.
4
Let c be ((-11)/(-2))/((-1)/(-2)). Let l(w) = -89*w - 1. Let q be l(-1). What is the highest common divisor of c and q?
11
Let h(v) = 33*v. Let t be h(2). Calculate the greatest common factor of 33 and t.
33
Let g(c) = -c**2 + 2. Let u be g(0). Let y be 4/10 + (-264)/(-40). Suppose -d = 0, -2*d + 6 = 2*i - y*d. What is the highest common factor of u and i?
1
Let c(k) = k - 3. Let w be c(7). Let x = w + -4. Let y be (3 + x)*(-40)/(-6). Calculate the highest common divisor of 4 and y.
4
Suppose -x + 4*x = 4*b - 47, 0 = -5*x - 25. Suppose -3*p + 0*p + v = -5, 2*v + b = 4*p. Calculate the greatest common divisor of p and 3.
1
Let o(q) = q + 15. Let t be o(0). Calculate the greatest common factor of t and 120.
15
Let y be ((-24)/(-15))/((-6)/(-15)). Suppose y*l + l = 60. What is the highest common divisor of 84 and l?
12
Let d be 5 + 0*4/(-8). Calculate the greatest common divisor of 55 and d.
5
Let t = -7 + 15. Let w be 4/(-10) - 110/(-25). Calculate the highest common divisor of w and t.
4
Let a be ((-2)/4)/(2/(4*-10)). Calculate the greatest common divisor of 30 and a.
10
Let j = -163 + 179. What is the highest common factor of j and 2?
2
Let x be 5*(1 + 0)*11. What is the highest common factor of x and 5?
5
Let h(v) = v**3 + 3*v**2 - v + 1. Let l be h(-4). Let x = l + 64. Let b be (3 - x)/(0 - 1). What is the greatest common divisor of b and 20?
10
Let y be -3 + 1 - (-202 + 16). What is the highest common divisor of 23 and y?
23
Suppose -5*z - 49 = -189. What is the highest common factor of 7 and z?
7
Let g = 11 + -28. Let x = 49 + g. Calculate the greatest common divisor of 4 and x.
4
Let b be ((-3)/((-12)/8))/2 + 3. Calculate the highest common factor of 4 and b.
4
Let o(p) = -3*p**2 + p**2 - 4 - 2*p + p**2 + 2*p**2. Let y be o(8). Let n be (3/6)/(2/44). Calculate the greatest common divisor of y and n.
11
Suppose 3*q - 3*y - 21 = 0, y - 2 = 3*y. What is the greatest common factor of q and 3?
3
Suppose 3 = k, 2*z - k + 165 = 4*z. Calculate the highest common divisor of z and 9.
9
Suppose 0*v + j + 10 = 2*v, -3*j = v - 12. What is the greatest common factor of v and 6?
6
Let v(p) = p + 2. Let k be v(5). Suppose 3*c = -5*r + k*c + 77, 3*c - 17 = -2*r. What is the highest common divisor of 91 and r?
13
Suppose 0*g - 28 = 7*g. Let a be g/(-6) + (-21)/(-9). What is the highest common divisor of a and 2?
1
Let t = -2 - -88. Calculate the greatest common divisor of t and 215.
43
Suppose -13 = -q - 1. What is the highest common factor of 60 and q?
12
Suppose 5*w = 0, -23 + 7 = -4*p - w. Suppose 0 = p*b - 2*b - 16. Suppose k + 0*k - 5*h = b, -4*k + 14 = -2*h. What is the greatest common factor of k and 21?
3
Let o be 2/(-12) + 723/18. Suppose 8 = -2*j + 3*j. Calculate the greatest common divisor of j and o.
8
Suppose 3*i - 4*i - 2*j + 15 = 0, 0 = 2*i - 3*j - 23. What is the greatest common factor of i and 13?
13
Let y = -8 + -5. Let k be 1*(1 + y)/(-1). Calculate the highest common divisor of 4 and k.
4
Let g = -18 - -18. Let a be (10/4)/((-1)/(-2)). Suppose g = a*j - j - 360. What is the greatest common factor of j and 18?
18
Let c(a) = 5 - 2 + 2*a**2 + 4*a - 1. Let s be c(-2). Calculate the highest common factor of 14 and s.
2
Let b = 13 - -9. Suppose -8 = -s - s. Suppose 0 = -2*u - 4, -s*c + 2 = u - 4. What is the highest common divisor of c and b?
2
Suppose -t + 10 = 9. Let q(w) = w + 1. Let y be q(6). Calculate the highest common factor of y and t.
1
Let a = 77 - -85. Calculate the highest common factor of a and 18.
18
Suppose -4*w + 80 + 24 = 0. What is the highest common divisor of w and 78?
26
Suppose -3*j - 3*f - 19 + 79 = 0, -2*j = f - 44. Calculate the highest common divisor of 132 and j.
12
Let o = 6 + 1. Let